 - (2 - -4).
-6
What is the value of 0 + (3 - 0) - 1?
2
Calculate 8 + -8 + (-1 - 0).
-1
-7 + (4 - (0 + 1 - -1))
-5
What is 3 - (-1 - (2 - 1))?
5
-2 - (-5 - (-14 - -7))
-4
What is -12 - (-9 + -5) - -4?
6
Evaluate 3 + -6 + (7 - (-1 - -4)).
1
What is the value of 6 - (19 + -7 - 8)?
2
Calculate (-2 - (2 - 1)) + -3 - -2.
-4
Evaluate -1 + -2 - -10 - 6.
1
6 + 2 + -13 + -1 + -5
-11
What is the value of 2 - (6 - (5 - 9))?
-8
Calculate -14 + 18 + -6 + -7.
-9
Evaluate 1 + (-2 - -4) + -6 + 1.
-2
What is the value of 168 - 161 - (4 - -1 - 0)?
2
Evaluate 0 + -1 + 7 + -5.
1
Evaluate (1 - (-13 + 6)) + -5.
3
Calculate -14 + 10 - -6 - 11.
-9
What is the value of 4 - (12 - (-4 + 10))?
-2
Evaluate -25 + 17 + 0 + 9.
1
What is 2 - (-1 + 1 - -5) - -5?
2
What is (1 - 1) + 5 - 5 - -3?
3
Evaluate 2 - (8 + (-1 - 5)).
0
What is the value of -2 + (0 + 1 - (-1 + 2))?
-2
Calculate -3 - ((8 - 9) + -1 + 4).
-5
Evaluate 1 + 2 + 1 + -5.
-1
What is 0 - (-1 + -3 - -2 - -6)?
-4
What is the value of (8 - 7 - -3) + 2?
6
What is (5 - 3) + -1 - (29 + -34)?
6
Evaluate 5 + -1 + (-4 - (-1 - 4)).
5
2 + (2 - (1 - (-4 + 2)))
1
Evaluate 6 + -13 + -6 + 9.
-4
Calculate 0 + (12 - (12 - 5)).
5
What is the value of (4 - (2 - 0)) + -1?
1
(-18 - (7 + -17)) + 4 + 2
-2
What is 1 + (-2 - 2) + (12 - 7)?
2
Calculate -4 + 3 + 6 + 4 + -6.
3
Calculate 4 + (3 - 6) + 3.
4
What is the value of 0 - (4 + (-5 - -4)) - -7?
4
What is -2 + 1 + -2 + 5 + -4?
-2
What is 4 + 0 - (0 + 0)?
4
What is the value of 2 - (0 - (-20 - -14))?
-4
Calculate -1 + 1 - 2 - (1 + -5).
2
3 + -4 + 1 + 4
4
6 + -6 + 4 - 0
4
-2 + 1 - -2 - 0
1
What is -4 - (-4 - (-4 - 1))?
-5
Evaluate 1 - 7 - ((-6 - -3) + 1).
-4
Calculate -1 - -3 - (-31 - -30).
3
Evaluate 1 + (-1 - 1) + (-8 - -4).
-5
Calculate -19 + 16 - (-1 + -2).
0
Evaluate -6 + 5 + 5 + 1.
5
-2 + 0 - (-2 - -5)
-5
What is (3 - -5) + 2 + -17?
-7
Calculate 14 + (-16 - (-5 + -1)).
4
What is -4 + 8 - (-2 + 1 - -4)?
1
What is the value of -1 - (4 - 1) - -7?
3
Calculate 2 - (2 + -7 + 3 + -1).
5
-1 + 7 - (-9 + 10)
5
What is -1 + -2 + 3 + (1 - -2)?
3
Calculate 0 - -4 - (12 - 14 - -11).
-5
What is the value of 16 + -26 - (-18 - -3)?
5
Calculate (-3 - -2) + -6 - -3.
-4
What is (-1 - 9) + 23 - 12?
1
Evaluate -6 - (0 - 8 - -2).
0
(1 - (6 - 1) - -6) + -1
1
-1 + -7 + 16 + -3
5
(-9 - -13) + -2 + (7 - 4)
5
Calculate (-1 - -1) + 1 + 3 - 4.
0
Calculate 1 - (5 - 7 - 4).
7
What is 1 + -6 + (2 - (-4 + 3))?
-2
What is the value of -29 + 32 - (2 - 0)?
1
Calculate -1 + 1 + 0 + (5 - 3).
2
What is (-2 - 2) + (-10 - -23 - 9)?
0
What is -11 + 3 + (15 - 13)?
-6
Evaluate (5 - 6) + -2 - (-6 + 0).
3
What is -10 - (-9 - 0 - -1)?
-2
7 + 0 + (-1 - (-9 - -13))
2
Calculate 2 + (8 - (8 - 6)).
8
What is the value of 9 + -18 + 8 + -5?
-6
Evaluate 4 + (4 - 19 - -6).
-5
What is the value of 3 + (-7 - (-21 + 1 - -6))?
10
What is -2 + (4 - 4) + 3?
1
(-6 - -7) + -2 + 6
5
What is (4 + -2 - (-1 + -1)) + -4?
0
Calculate (-1 - -7 - (2 - 0)) + 1.
5
What is -1 - (1 + -1 - (-3 - -3))?
-1
What is the value of 0 + 1 - (2 + -1)?
0
0 - 0 - (2 + -1)
-1
Evaluate (0 + 3 - 3) + -1.
-1
What is (9 + 15 - 12) + -11?
1
11 - 3 - (-27 + 30)
5
0 + 7 + -10 + 0 + 1
-2
What is the value of -5 + (9 + -1 - 4)?
-1
Evaluate -6 - 1 - (1 - 9).
1
(-1 - 0) + 6 + (-10 - -4)
-1
What is the value of 15 + -1 - 6 - 5?
3
2 - 3 - (0 - 1)
0
What is the value of -1 - (-2 + 6 - 5 - 6)?
6
Calculate 5 + -1 - (-1 + -8 + 11).
2
(-1 - -2) + 0 + (3 - 2)
2
What is -3 + -7 + 5 + 4?
-1
What is 8 + -13 + (-5 - -3) + 4?
-3
Evaluate -2 - (3 + 0) - -5.
0
What is -1 + (-5 - (-5 + -2))?
1
What is 3 + (-1 - 0 - (0 + 1))?
1
Evaluate (6 - 2 - -1) + (21 - 21).
5
What is 13 + -11 + (-2 - -5)?
5
What is 16 - 18 - (1 + -10)?
7
What is the value of -4 + -1 - (-15 - -9)?
1
Evaluate 2 - -3 - 15 - -5.
-5
What is the value of -1 - 4 - (-1 + -11)?
7
Calculate 3 - 7 - (6 - 14).
4
Evaluate -2 + -2 + 5 - -5.
6
(-3 - 0) + (-3 + 2 - -9)
5
Evaluate -7 - (-4 + (-3 + 4 - -4)).
-8
What is -66 - -62 - (-1 + -6)?
3
What is (0 - -1) + 1 + -1 + 1?
2
Evaluate (-1 - 10) + -43 + 49.
-5
What is (4 - 9) + 4 - (2 + 0)?
-3
0 + -3 - (42 + -44)
-1
What is 0 + (2 - -2) + -5?
-1
Calculate -57 - -49 - (-7 - 0).
-1
Calculate 4 - ((15 - 2) + (-10 - -5)).
-4
Evaluate (3 - 12) + (8 - 4).
-5
Evaluate 7 + (12 - 10) + (-1 - 0).
8
Calculate 4 - (6 - (-1 + 3)).
0
-14 + (-9 - -18) + (0 - -4)
-1
What is 13 + -1 + -23 + 11?
0
Evaluate 2 + (3 - (1 - -2)) + -4.
-2
What is the value of -9 + (-5 - -9) + 7?
2
What is the value of (10 - 3) + -2 - (-1 - -7)?
-1
-11 - (-9 - -2 - 14)
10
What is -3 + (7 - 4) + 3 - 5?
-2
What is the value of 1 - (6 + (1 - 13) + 5)?
2
-20 + 5 - (-5 + 1) - -6
-5
What is -1 + 5 + (18 - 19)?
3
3 + 1 + (-18 - (-15 + 6))
-5
Calculate -3 - -3 - (5 - -1) - -2.
-4
Evaluate -4 + 10 + 1 - 7.
0
3 + 5 + 1 - (20 - 20)
9
What is 27 + -17 + -2 + -1?
7
What is 6 + (10 - 3) + -10 + 4?
7
Calculate -2 - (-4 - (-5 - -3) - 4).
4
What is the value of (-4 - -8) + -13 - -1?
-8
What is (-3 - 1) + (1 - (-2 + 1))?
-2
Calculate 2 + -1 + -1 + (-2 - -1).
-1
(-5 - -10 - 5) + (-2 - -3)
1
-7 + -7 + 17 + -2
1
5 + -9 + 5 - 1
0
Evaluate (-1 - 3) + -6 - -10.
0
What is 0 - ((-1 - -4) + (9 - 13))?
1
What is the value of 2 + 7 - (-6 - (3 - 10))?
8
Calculate -7 + (10 + 1 - -1).
5
What is the value of -1 + (2 - -3) - 0?
4
4 + -3 + 3 + 1 + -5
0
2 - (-1 + 2 - -6)
-5
Calculate 3 + (-4 - 3) + 1.
-3
-7 - (0 - -1 - (4 + -1))
-5
-3 - (-6 + 5 - -2)
-4
Calculate 11 + (3 - (13 - -2)).
-1
Evaluate 70 + -68 + 0 + -6.
-4
Calculate -2 + -5 + (-1 - -3).
-5
Evaluate -5 + 4 - (-6 + 5 + -5).
5
Calculate -5 + 5 + -5 + 8.
3
(7 - 29 - -5) + 9
-8
What is 1 + -2 + 2 + -4?
-3
Calculate -5 + (36 - 37 - (1 + -1)).
-6
What is the value of 14 + -16 - (13 + -5 + 0)?
-10
What is the value of 1 + (3 - (8 + -4))?
0
Evaluate -2 + -5 - (4 + -10 + 4).
-5
What is the value of 1 + 0 + -1 - 0?
0
Evaluate (-4 + -4 - -5) + 1 + 2.
0
1 + -11 + 5 - -5
0
Evaluate (2 - (-5 + 11)) + 10 + -4.
2
1 - -1 - -2 - (-11 - -9)
6
Evaluate -2 + 8 + -4 + 1.
3
Calculate -6 + (-5 - (6 + -9)).
-8
What is the value of 9 - 3 - 5 - -3?
4
Calculate -71 - -73 - (4 + -1 + 1).
-2
What is 4 - (15 - 9 - (1 + -1))?
-2
Evaluate (9 - -3) + -6 + -1.
5
Calculate (9 - (3 + -3 + 4)) + -3.
2
Evaluate -3 - (-3 - (2 + -1 + -3)).
-2
Calculate -7 - (-1 + 5) - -14.
3
What is the value of 11 - ((0 - -9) + 2)?
0
Evaluate -6 - -1 - (0 - 6).
1
Evaluate 1 + 2 + (-3 - 0) + 4.
4
What is 0 + -6 + 7 - -6 - 4?
3
-5 + -2 + (-14 + 13 - -6)
-2
(-3 - -1) + -3 - (-2 - 0)
-3
What is (-2 + -5 - -2) + (34 - 34)?
-5
Evaluate -1 - (3 - 2) - (-20 - -23).
-5
4 + 1 + 1 - (13 - 9)
2
What is the value of 1 + (0 - (1 - 0)) - -3?
3
Evaluate -1 + 18 + -9 + -8.
0
Calculate -4 + (1 - 1) + 6 + -4.
-2
14 + (-4 - 4) + 1
7
Calculate 0 - ((0 - 4 - -4) + 2).
-2
Evaluate -4 - (0 + -8 + 4).
0
What is 3 + (-6 + 1 - -2)?
0
What is the value of 1 - (3 - (2 - 4))?
-4
Calculate (-1 - (-2 + 5)) + (-58 - -68).
6
What is the value of 1 + 9 + -17 + -10 + 22?
5
Calculate -4 + (-4 - -7) + (1 - -1).
1
What is 5 + (-13 + 10 - (0 - -7))?
-5
What is the value of -8 + (-4 - (-3 + -9))?
0
Evaluate (-4 - -2) + 3 - -2.
3
Evaluate -1 - (1 + 2 + -3 + -4).
3
Calculate 10 + (3 - (-3 + 16)).
0
What is -1 + (-1 + -3 - -5)?
0
-2 + -3 + 5 + -5 - -1
-4
What is the value of -5 + 7 + -10 + 4?
-4
Evaluate -3 + 2 + -1 + -2.
-4
Evaluate (1 - 7) + (5 - (2 - -2)).
-5
Calculate (1 + -5 - 0) + 3.
-1
What is the value of 0 + 3 + -2 + (1 - -2)?
4
What is the value of 11 + (2 - 5) - 3?
5
Calculate 3 - 5 - (-42 - -41).
-1
What is -6 + 1 + (-21 - -23)?
-3
What is -3 + (-3 - 3 - (-10 - -6))?
-5
What is 5 + 1 - (10 + -10)?
6
What is the value of 4 - ((-6 - -4) + 8)?
-2
What is (-5 - -5) + -5 + 8?
3
What is -8 + 5 + -2 + 0 - 0?
-5
(2 - 0) + 9 + -3 + -1
7
Calculate 1 - (-1 + 3 + -1 + 2).
-2
What is 121 + -122 - (3 - -2)?
-6
What is the value of 7 + -4 + 0 + -3 + -5?
-5
Evaluate 5 + 2 + (-5 - -1) + -2.
1
What is 5 - ((13 - 5) + 6)?
-9
Calculate (-2 - -7) + 13 + -22.
-4
8 - ((0 - -1) + (8 - 7))
6
-11 + 14 - (0 + 3 - 2)
2
What is (0 - 14 - 2) + 10?
-6
Evaluate 5 + -3 + 5 + 0 + -2.
5
-1 + 1 - (31 + -27)
-4
Evaluate -17 + 13 + (-3 - -4).
-3
Calculate (0 - 12) + 2 + 11.
1
What is -1 - (-4 + 1 - 2)?
4
What is the value of 6 + (-5 - -3 - 3)?
1
1 + (0 - (3 - 3))
1
What is the value of (7 + 2 - 9) + 3?
3
What is the value of 9 -